{"id":57,"date":"2025-11-03T14:01:26","date_gmt":"2025-11-03T14:01:26","guid":{"rendered":"https:\/\/fm-balkan.com\/?page_id=57"},"modified":"2025-11-03T14:01:26","modified_gmt":"2025-11-03T14:01:26","slug":"57-2","status":"publish","type":"page","link":"https:\/\/fm-balkan.com\/index.php\/57-2\/","title":{"rendered":""},"content":{"rendered":{},"protected":false},"excerpt":{"rendered":"<p>FM-Balkan zajednica osnovana je davne 2009. godine na inicijativu tada\u0161njih Administratora.. Upravo se njima mogu pripisati najve\u0107e zasluge za podizanje foruma i Sitea svojedobno koji je ubrzo stekao odre\u0111enu reputaciju i kvalitetu sjajnim vo\u0111enjem spomenutoga dvojca. Bilo je mnogo posrtaja i padova, pote\u0161ko\u0107a i problema, no uvijek je zajednica bila pobjednik. Zato danas imamo jedan [&hellip;]<\/p>\n","protected":false},"author":1,"featured_media":0,"parent":0,"menu_order":0,"comment_status":"closed","ping_status":"closed","template":"","meta":{"footnotes":""},"class_list":["post-57","page","type-page","status-publish","hentry"],"_links":{"self":[{"href":"https:\/\/fm-balkan.com\/index.php\/wp-json\/wp\/v2\/pages\/57","targetHints":{"allow":["GET"]}}],"collection":[{"href":"https:\/\/fm-balkan.com\/index.php\/wp-json\/wp\/v2\/pages"}],"about":[{"href":"https:\/\/fm-balkan.com\/index.php\/wp-json\/wp\/v2\/types\/page"}],"author":[{"embeddable":true,"href":"https:\/\/fm-balkan.com\/index.php\/wp-json\/wp\/v2\/users\/1"}],"replies":[{"embeddable":true,"href":"https:\/\/fm-balkan.com\/index.php\/wp-json\/wp\/v2\/comments?post=57"}],"version-history":[{"count":1,"href":"https:\/\/fm-balkan.com\/index.php\/wp-json\/wp\/v2\/pages\/57\/revisions"}],"predecessor-version":[{"id":58,"href":"https:\/\/fm-balkan.com\/index.php\/wp-json\/wp\/v2\/pages\/57\/revisions\/58"}],"wp:attachment":[{"href":"https:\/\/fm-balkan.com\/index.php\/wp-json\/wp\/v2\/media?parent=57"}],"curies":[{"name":"wp","href":"https:\/\/api.w.org\/{rel}","templated":true}]}}

<p>FM-Balkan zajednica osnovana je davne 2009. godine na inicijativu tadašnjih Administratora.. Upravo se njima mogu pripisati najveće zasluge za podizanje foruma i Sitea svojedobno koji je ubrzo stekao određenu reputaciju i kvalitetu sjajnim vođenjem spomenutoga dvojca. Bilo je mnogo posrtaja i padova, poteškoća i problema, no uvijek je zajednica bila pobjednik. Zato danas imamo jedan [&hellip;]</p>
